). What is l(v)?
-10
Let b be (-189)/(-28)*(-8)/(-6). Let x(j) = -j**3 + 10*j**2 - 12*j + 15. Calculate x(b).
-12
Let s(t) = -5*t**2 + t + 8. Let b(h) = -6*h**2 + 2*h + 9. Let x(f) = 4*b(f) - 5*s(f). Give x(4).
24
Suppose -30 = -4*h - 0*s - 2*s, 0 = h - s - 3. Suppose -9*z = -12*z + 12. Let c(v) = z*v**3 - 4*v - 3*v**2 - 8 - 3*v**3 - 2*v**2. Give c(h).
4
Let t(x) = -2*x - 15. Let d(h) = -h**2 + 15*h - 43. Let k be d(12). Determine t(k).
-1
Let v(f) = -6*f + 8*f - 14 + 7 - 3*f. Give v(6).
-13
Let i(z) = -z**2 - 6*z - 1. Let p be (1 - -53)/(0 + (-3)/2). Let y = -2 - -1. Let v be y/(2 - p/(-20)). Calculate i(v).
4
Let m(c) = 13*c - 71. Let o be m(5). Let j(k) = -4*k - 2. Determine j(o).
22
Let k(f) = -f**2 + 7*f - 8. Let c(v) = 5*v**2 - 28*v + 32. Let h(q) = -2*c(q) - 9*k(q). Let l be h(-7). Let a(j) = j**3 - 8*j**2 - j + 7. What is a(l)?
-1
Let y(f) = f - 2. Suppose -4*g + 4*l = 64, 42 = -4*g + 2*l - 22. Let t(a) = a**3 + 16*a**2 - a - 22. Let r be t(g). Calculate y(r).
-8
Suppose 6*q - 14 = 4*q. Let k(p) = -11 + q - 4*p**2 + 9*p - 5*p - 5*p - p**3. Give k(-4).
0
Let d(a) = 10*a + 166. Let r be d(-17). Let u(b) = -4*b + 1. Let x(o) = o - 1. Let g(z) = u(z) + 2*x(z). Calculate g(r).
7
Let q(w) = w - 3. Let m be q(4). Let y(k) be the first derivative of -1 - k - 3/2*k**2. Calculate y(m).
-4
Let u = 73 + -67. Suppose -2*w - 7 = -3*o, 4*w - u*w + 13 = o. Let f(d) = d. Calculate f(o).
5
Let k(r) = 13*r + 1. Let s(x) = -2418 + 2418 - 7*x. Let y(b) = -6*k(b) - 11*s(b). Calculate y(-7).
1
Suppose 2*x = -o - o - 2, 4*x = -12. Suppose o*i = -i - 15. Let s(p) = -p**3 - 6*p**2 - 6*p - 5. What is s(i)?
0
Let u(g) be the third derivative of g**8/20160 - g**7/720 - g**6/72 + g**5/5 - 14*g**2. Let a(r) be the third derivative of u(r). Give a(7).
-10
Let c be 76/(-10) + 4/(-10). Let x(w) = 17 + w + 12 + 17 - 45. Calculate x(c).
-7
Let q(y) = y - 7. Suppose 5*l - 7*x = -5*x + 36, 2*l - 5*x - 27 = 0. Determine q(l).
-1
Let a = 485 - 479. Let m(z) = z + 2. Calculate m(a).
8
Let r be ((-16)/32)/((-3)/(-30)). Let d(n) = 3*n + 1. Calculate d(r).
-14
Let t be (-196)/(-21) + -10 + 1. Let w(m) be the first derivative of -7*m - 13 - t*m**3 + 1/2*m**2. Give w(0).
-7
Let a = -130 - -132. Let i(b) = -b**3 + 3*b**2 - 3*b + 4. What is i(a)?
2
Let d(y) = -9 + 5*y + 3 + 10 + y**3 - 5 + 5*y**2. Let w be d(-3). Let o(t) = 2*t**2 - 2*t + 1. What is o(w)?
5
Let b(d) = -248 - 252 + 515 + d. Calculate b(-17).
-2
Let q(f) = f. Suppose 0 = -4*i + 6 - 30. Let c(s) be the first derivative of s**2 + 72. Let n(g) = i*q(g) + 2*c(g). Determine n(-5).
10
Let n(g) = g + 9. Let j be (33/(-4))/((-2)/(-8)). Let h = j - -16. Let z = 12 + h. What is n(z)?
4
Let u(d) = -d**3 - 5*d**2 - d. Let v = 2 - 2. Suppose v*c - c - 4 = 0. Let y be (2/(-1))/(c/(-8)). Give u(y).
-12
Let j be (3/9)/(3/27). Suppose -5*w + 4 = -6. Let s(l) = 0*l - w*l + 6*l - 2 - l**2 + j*l. Determine s(5).
8
Let w(s) be the second derivative of 1/4*s**4 - 7*s + 5/2*s**2 - 1/2*s**3 - 1/60*s**5 + 0. Let y(l) be the first derivative of w(l). Calculate y(5).
2
Let z(i) = 23*i**2 - 2*i + 1. Let y be 6/7 - (-19)/133. Give z(y).
22
Let c(f) = -9*f**3 + f - 1. Let u = -187 + 188. Give c(u).
-9
Let g(t) = -t**2 + 5*t + 4. Let h(o) = -6*o - 1. Let i(y) = -y. Let d(k) = -h(k) + 5*i(k). Let n be d(2). Suppose r + 34 = 5*m + 2, n*r = m - 12. What is g(m)?
-2
Suppose 56 - 66 = -2*o. Let y(t) = -t**3 + 6*t**2 - 6*t + 3. Calculate y(o).
-2
Let u(l) = 2*l**2 - 103*l + 140. Let f be u(50). Let o(w) = 2*w**3 + 19*w**2 - 10*w + 12. Determine o(f).
12
Let s(a) = 1 - 4*a + 2*a + 0*a. Let u be (294/(-18))/(-7) - (-2)/3. Let d be s(u). Let j(y) = y**3 + 5*y**2 + 1. Calculate j(d).
1
Let p(d) = -5*d**2 - 27*d + 12. Let i(b) = 6*b**2 + 30*b - 13. Let f(t) = 6*i(t) + 7*p(t). Suppose 0 = y - 3 - 3. Determine f(y).
-12
Let l(b) = b + 3. Let t(m) = -2*m + 11. Let x(d) = -3*l(d) - t(d). Give x(-17).
-3
Suppose -f = -4*o - 6, 6*o - 30 = -5*f + 2*o. Let i(y) = -y**3 + 7*y**2 - 4*y - 12. Determine i(f).
0
Let v(s) = -1. Let r(x) = x**2 + x - 4. Let n(h) = -r(h) + 2*v(h). Let u = -11 - -9. Calculate n(u).
0
Let v(f) = -2*f + f**3 - 2*f**3 + 6*f**2 + 7 + 0*f. Let k(t) = 8*t - 2. Let z be k(1). Determine v(z).
-5
Let o(p) = -p**3 + p**2 - p - 1. Let i(w) = -w**2 + w + 1. Let r(y) = 4*i(y) + o(y). Let a be (84/10)/(9/(-45)). Let q = a + 38. Calculate r(q).
7
Let w(z) = -2*z**2 + 4. Suppose -31 = 10*v - 11. Give w(v).
-4
Let p be 9 - (3 + 0) - 2. Let x(d) = -2*d**2 + p*d**2 - 3*d**2 + 0*d - d. Calculate x(-1).
0
Let a be 0 + (1 - (-3 + -2)). Let l(k) = 6*k - 5 - k - a*k. Let m(p) = -5*p**2 - 3*p + 3. Let u be m(1). What is l(u)?
0
Let x(l) be the second derivative of l**3/2 - 7*l**2/2 - 21*l - 2. Calculate x(9).
20
Let a(x) = 1571*x**3 + 0*x - 1573*x**3 - 4*x - 2 - 4*x**2 + 3*x**2. Give a(-3).
55
Let w be -1*6*8/12. Let d be ((-2)/w)/((-1)/(-80)). Let a be 4/10 - 96/d. Let i(x) = -2*x**2 - 2. Give i(a).
-10
Let r(x) = 8*x**2 + 21*x + 47. Let b(v) = -13*v**2 - 32*v - 71. Let i(u) = 5*b(u) + 8*r(u). What is i(10)?
1
Let k(s) = -2*s**3 + 11*s**2 + 20*s + 21. Let g(b) = b**3 - 6*b**2 - 10*b - 10. Let d(c) = 5*g(c) + 2*k(c). Let h be -36*((-55)/550 + (-3)/20). Give d(h).
-17
Let m(a) = -63*a + 203. Let v be m(3). Let l(w) = w**2 - 15*w + 2. Calculate l(v).
-12
Suppose -2*k + 5*f = -5, 4*k - f - 25 = -6*f. Let r(s) = -s**3 + 6*s**2 - 4 + 0 - 2 - 4*s. Give r(k).
-1
Let m be (-4)/(-3) + (-6)/(-36)*-2. Let j(t) = 7*t**2 - 6*t + 7. Give j(m).
8
Suppose 0 = 2*m - 13*m - 77. Let f(q) = 11*q - 1. Let d(r) = 35*r - 3. Let j(u) = m*f(u) + 2*d(u). What is j(-1)?
8
Let u(c) = -3*c**2 - 194*c + 268. Let f be u(-66). Let b(x) = 0*x**2 + x**3 - 4*x**2 - 2 - 1. What is b(f)?
-3
Let u be (8/10)/((-6)/15). Let a(g) = -66*g + 133*g - g**2 - g**3 - 68*g - 2. Determine a(u).
4
Let j(v) = -v**3 + 10*v**2 - 9*v - 6. Suppose 117 = 8*p + 5*p. Give j(p).
-6
Let z(a) = 4*a - 3. Let k(b) = -9*b + 5. Let s(g) = -4*k(g) - 7*z(g). Suppose -3*j - 4*f = 7, j + 0*j + f = -2. Determine s(j).
-7
Let g(d) = d**2 - 9*d + 10. Let s be g(5). Let m(p) = -16 + 0*p + 2*p + 3 - 3*p. Let y be m(s). Let t(f) = f - 1. Determine t(y).
-4
Let x(q) be the second derivative of -q**4/12 - 2*q**3/3 + q**2 - 2*q. Let g be (5 + 22/(-6))*(-6 - -3). Determine x(g).
2
Let a = -87 + 90. Let v(g) = 15 - 4*g + 2*g**3 - g**3 + a*g**2 - 2 - 9. Determine v(-4).
4
Let r(i) be the second derivative of i**5/20 + i**4/2 + 5*i**3/6 + 3*i**2/2 + 9*i. Suppose 6*s - 75 = -99. Determine r(s).
15
Let s(r) = 25*r**3 - 4*r**2 - 13*r + 11. Let h(c) = 46*c**3 - 9*c**2 - 24*c + 22. Let k(z) = 6*h(z) - 11*s(z). Calculate k(10).
1
Suppose 0 = -0*l + 3*l - 6. Let c be ((-3)/5)/((-11)/55). Let v(d) = d**2 - 1. Let h(p) = -2*p**2 + p + 1. Let s(f) = c*v(f) + 2*h(f). Determine s(l).
-1
Suppose -3*n - 3*b = 2*b + 4, -5*n - 4*b = -15. Let z(t) = -t + 9. Give z(n).
2
Let k(x) = 0 + 82*x**3 + x - 85*x**3 + 1. What is k(-1)?
3
Let i(q) = -1136*q - 3 + 1135*q - 5. Calculate i(6).
-14
Suppose i - 8 = -2. Let g(b) = b**3 + b - 1. Let d(t) = 3*t**3 - 5*t**2 - 6*t + 6. Let r(h) = -d(h) + 2*g(h). Calculate r(i).
4
Suppose -5*z = -0*z. Let n be 352/40 + 2/10. Let t(o) = -n*o + 1 + 5 + o**2 - 4*o + 12*o. Give t(z).
6
Let t(q) = 1 + 11*q + 15*q - 25*q. Let x be (2 - 1)*(0 + 15). Let r be (2/6)/(1/x). Give t(r).
6
Let l(x) be the third derivative of -1/6*x**3 + 1/15*x**5 + 0 + 0*x + 1/120*x**6 - 1/24*x**4 + 4*x**2. Give l(-4).
3
Let m(c) be the third derivative of c**4/24 + 5*c**3/3 + 294*c**2. What is m(-4)?
6
Suppose o = -2*d + 4*o + 24, -3*o = 6. Suppose -34 = -5*k - d. Let r(z) = -z + 2. Give r(k).
-3
Let v(d) = -5*d - 7*d + 9*d + 4. What is v(5)?
-11
Suppose 10 = 7*t + 38. Let f(b) = -b**2 - 3*b + 2. Give f(t).
-2
Suppose -2*j - 4*d = -20, 3*j = -0*d + d + 2. Let a(q) = 3*q**3 - 2*q**2. Calculate a(j).
16
Let m(c) = -c - 67 - 77 - 72 + 175. What is m(-18)?
-23
Let t(y) = 2*y**3 + 22*y**2 - 9*y + 61. Let r(m) = -m**3 - 11*m**2 + 5*m - 29. Let x(k) = -9*r(k) - 4*t(k). Calculate x(-12).
-19
Let h(s) = -3*s**2 + 15*s - 8. Let v be h(4). Let b(t) = 4*t**2 - 2*t + v*t + 1 + 4*t - 4*t. Let q = 2 - 3. Calculate b(q).
3
Let i be 15/2 + 4/8. Let s(x) = x - 11. Let q be s(i). Let p(f) = 199*f - 3 - 401*f + 203*f. Determine p(q).
-6
Let q = -220 + 231. Let c(z) = -z**3 + 10*